
What is the remainder when 8236 is divided by 7801?
435
Calculate the remainder when 303140 is divided by 37620.
2180
Calculate the remainder when 3612150 is divided by 756.
738
Calculate the remainder when 856242 is divided by 285381.
99
What is the remainder when 18038019 is divided by 901?
900
Calculate the remainder when 2895292 is divided by 22.
4
Calculate the remainder when 315167 is divided by 315043.
124
Calculate the remainder when 7336697 is divided by 27.
14
What is the remainder when 3953686 is divided by 2569?
2564
What is the remainder when 278265 is divided by 139063?
139
Calculate the remainder when 143728 is divided by 28697.
243
What is the remainder when 53467 is divided by 52692?
775
Calculate the remainder when 22370 is divided by 701.
639
Calculate the remainder when 2229043 is divided by 171463.
24
Calculate the remainder when 8890503 is divided by 366.
363
Calculate the remainder when 98037 is divided by 285.
282
What is the remainder when 5383945 is divided by 1794634?
43
What is the remainder when 264436 is divided by 70?
46
Calculate the remainder when 1077983 is divided by 538989.
5
What is the remainder when 47887 is divided by 212?
187
What is the remainder when 43811082 is divided by 58182?
36
What is the remainder when 112776 is divided by 56352?
72
What is the remainder when 3789365 is divided by 19?
5
Calculate the remainder when 25566717 is divided by 133.
127
What is the remainder when 67885018 is divided by 3507?
19
Calculate the remainder when 107662 is divided by 1054.
154
Calculate the remainder when 4845280 is divided by 43.
40
What is the remainder when 1743564118 is divided by 8760?
8758
What is the remainder when 202826 is divided by 28855?
841
What is the remainder when 624415 is divided by 156087?
67
What is the remainder when 260972 is divided by 65175?
272
What is the remainder when 9331966 is divided by 3346?
3318
Calculate the remainder when 1070639 is divided by 1205.
599
Calculate the remainder when 585768 is divided by 99.
84
What is the remainder when 122520 is divided by 4529?
237
Calculate the remainder when 1012259 is divided by 1878.
17
What is the remainder when 715539 is divided by 5185?
9
Calculate the remainder when 3745524 is divided by 3745513.
11
What is the remainder when 9873232 is divided by 147?
124
Calculate the remainder when 1509863 is divided by 217.
194
Calculate the remainder when 4113325 is divided by 10520.
5
What is the remainder when 392113112 is divided by 1941154?
4
What is the remainder when 119738 is divided by 129?
26
What is the remainder when 10519038 is divided by 94766?
12
What is the remainder when 911942 is divided by 29416?
46
What is the remainder when 3061734 is divided by 661?
643
Calculate the remainder when 224695134 is divided by 60.
54
What is the remainder when 17328453 is divided by 8339?
11
What is the remainder when 19482189 is divided by 36?
33
What is the remainder when 176610 is divided by 5095?
3380
What is the remainder when 50622 is divided by 16362?
1536
What is the remainder when 3518203 is divided by 703632?
43
Calculate the remainder when 295633 is divided by 2835.
793
Calculate the remainder when 59798124 is divided by 41.
34
What is the remainder when 86500 is divided by 14359?
346
Calculate the remainder when 790559 is divided by 170.
59
What is the remainder when 215526 is divided by 798?
66
What is the remainder when 7367918 is divided by 663?
662
What is the remainder when 553685 is divided by 5272?
125
What is the remainder when 79345110 is divided by 5?
0
Calculate the remainder when 75553880 is divided by 18888468.
8
Calculate the remainder when 669773 is divided by 669743.
30
Calculate the remainder when 11095788 is divided by 366.
132
Calculate the remainder when 2785086 is divided by 214195.
551
Calculate the remainder when 251659 is divided by 50304.
139
What is the remainder when 5866061 is divided by 87?
86
Calculate the remainder when 564977 is divided by 826.
819
What is the remainder when 182744 is divided by 2762?
452
What is the remainder when 275733 is divided by 40?
13
Calculate the remainder when 577138 is divided by 134.
0
Calculate the remainder when 315343549 is divided by 42.
31
Calculate the remainder when 2608775 is divided by 115.
0
Calculate the remainder when 6378283 is divided by 15827.
2
Calculate the remainder when 29151 is divided by 1391.
1331
What is the remainder when 64647 is divided by 7039?
1296
Calculate the remainder when 120452835 is divided by 26340.
15
What is the remainder when 369688 is divided by 13690?
58
What is the remainder when 61389 is divided by 20370?
279
Calculate the remainder when 692915003 is divided by 1687.
1684
Calculate the remainder when 1278562 is divided by 71.
65
Calculate the remainder when 1324209 is divided by 5448.
345
Calculate the remainder when 10284883 is divided by 703.
696
Calculate the remainder when 107723 is divided by 87.
17
What is the remainder when 18154 is divided by 1374?
292
Calculate the remainder when 5379162 is divided by 672394.
10
Calculate the remainder when 1849355 is divided by 616355.
290
What is the remainder when 946329 is divided by 16869?
1665
Calculate the remainder when 12450053 is divided by 2224.
101
Calculate the remainder when 13029723 is divided by 658.
7
What is the remainder when 96784 is divided by 11943?
1240
What is the remainder when 11186206 is divided by 132?
130
What is the remainder when 792062158 is divided by 4856?
4854
Calculate the remainder when 13164097 is divided by 2632818.
7
What is the remainder when 1720547 is divided by 2291?
6
What is the remainder when 2508612 is divided by 66010?
232
Calculate the remainder when 79439 is divided by 85.
49
What is the remainder when 3098154 is divided by 619617?
69
What is the remainder when 897118 is divided by 183?
52
Calculate the remainder when 1524057 is divided by 380990.
97
Calculate the remainder when 13891704 is divided by 85225.
29
What is the remainder when 195513 is divided by 4370?
3233
What is the remainder when 1019088 is divided by 59?
40
What is the remainder when 11115916 is divided by 33?
31
Calculate the remainder when 18683 is divided by 353.
327
What is the remainder when 161728477 is divided by 1089?
1087
Calculate the remainder when 6132361 is divided by 6132330.
31
What is the remainder when 5258877 is divided by 25653?
12
What is the remainder when 7357488 is divided by 565?
58
What is the remainder when 224246 is divided by 1228?
750
Calculate the remainder when 4215198 is divided by 978.
18
Calculate the remainder when 92921 is divided by 81294.
11627
What is the remainder when 882028 is divided by 38269?
1841
Calculate the remainder when 15648 is divided by 3110.
98
What is the remainder when 71475 is divided by 10027?
1286
What is the remainder when 10096822 is divided by 2072?
2038
Calculate the remainder when 18512735 is divided by 97.
91
What is the remainder when 2156870 is divided by 14?
2
What is the remainder when 47442 is divided by 22668?
2106
What is the remainder when 251493 is divided by 198?
33
What is the remainder when 1815071 is divided by 781?
27
What is the remainder when 4672064 is divided by 72?
56
Calculate the remainder when 4559771 is divided by 689.
658
Calculate the remainder when 61455 is divided by 1009.
915
What is the remainder when 2998639 is divided by 1499303?
33
What is the remainder when 198459 is divided by 227?
61
Calculate the remainder when 21051163 is divided by 701705.
13
Calculate the remainder when 62423272 is divided by 607.
606
Calculate the remainder when 1817999 is divided by 750.
749
Calculate the remainder when 110204443 is divided by 52.
11
Calculate the remainder when 75190 is divided by 37450.
290
Calculate the remainder when 61101 is divided by 1608.
1605
What is the remainder when 12792687 is divided by 20534?
5
What is the remainder when 842899 is divided by 77?
57
Calculate the remainder when 30809755 is divided by 159636.
7
Calculate the remainder when 160057 is divided by 3490.
3007
What is the remainder when 42458025 is divided by 505452?
57
What is the remainder when 1032941 is divided by 114647?
1118
What is the remainder when 5995233 is divided by 285487?
6
Calculate the r